e factors of o.
2, 3, 7
Suppose 4*z + 0*z = -8*z. Suppose 0 = -5*j - 2*x + 644, -4*j - 3*x + 675 - 157 = z. List the prime factors of j.
2
Let u = 58 + -24. Suppose -7*h + 8 = -u. What are the prime factors of 28*(-15)/(-18) + 4/h?
2, 3
Let h be (-1 + -1)/(-2) - 2. Let c(m) = -227*m**3 - m. What are the prime factors of c(h)?
2, 3, 19
Let f(r) = 87 + 52 + 0 - 235 - 29*r. List the prime factors of f(-32).
2, 13
Let v be -11 + 14 - 4/(8/6). Suppose 7*z - 9*z + 10 = v. Suppose 3*l - z*l + 199 = 3*p, 5*p + 4*l - 331 = 0. List the prime factors of p.
67
List the prime factors of (36/(-18))/(3/12)*-3820.
2, 5, 191
Suppose 6008 = 5*a - 4*l - 25203, -4*a + 2*l = -24976. What are the prime factors of a?
6247
Suppose -66*k = -71*k + 20. Suppose -k*g + 112 = -644. Let l = g - 117. List the prime factors of l.
2, 3
Suppose 1184*s + 192825 = 1209*s. List the prime factors of s.
3, 857
Let s(r) = -2*r. Let n be s(-1). Let c(y) = 6*y + 58. Let j be c(40). Suppose 4*x + 8*f - 3*f - j = 0, -n*f = 3*x - 220. List the prime factors of x.
2, 3
Let s(y) be the third derivative of -y**4/8 + 7*y**3/6 + y**2. Let u be s(1). Let q(v) = v**2 + 5*v + 2. What are the prime factors of q(u)?
2, 19
Suppose -23*i + 58*i = -87*i + 2914580. List the prime factors of i.
2, 5, 2389
Suppose -57*g = -2*g - 66000. What are the prime factors of g?
2, 3, 5
Let v(o) = o**3 + 51*o**2 - 58*o + 77. List the prime factors of v(-51).
5, 607
Let s = 362 + -182. Let h be (-4)/30 - (-924)/s. Suppose -2*z = 2*z, h*z = -f + 110. List the prime factors of f.
2, 5, 11
Suppose 83 = l + 30. Suppose 50*i = l*i - 432. Suppose -i = 21*a - 24*a. List the prime factors of a.
2, 3
Let n = -53502 + 79974. What are the prime factors of n?
2, 3, 1103
Let y(u) = -u**2 - 35*u - 221. Let c be y(-33). What are the prime factors of (-62)/c*(-2515)/(1 - 2)?
2, 503
Suppose -10*n = 8572 + 1478. Let i = n - -1761. List the prime factors of i.
2, 3, 7
Let w(c) = -1 + 354*c - 361*c + 46*c**3 + 10 + 2*c**2. What are the prime factors of w(2)?
7, 53
Suppose 6*l - 1675 = 4*l + 3*c, 2*c + 837 = l. Let i = -273 + l. Let f = -315 + i. What are the prime factors of f?
251
Let x(h) = 16*h - 68. Let b be x(4). What are the prime factors of ((-13612)/(-123))/(b/(-6))?
2, 83
What are the prime factors of (13481/(-427) - 2/(-28))*1318*-1?
3, 7, 659
Let l be 1/(2*(-6)/(-12)). What are the prime factors of (l - 2/1)*-329?
7, 47
List the prime factors of ((-38)/10)/(19/(-95))*263.
19, 263
Let r be 236*((0 - 2) + 3). Suppose -61 = 4*j - 137. Suppose j*v - r = 15*v. What are the prime factors of v?
59
Let y = -20 - -21. Let z be y/((-2)/92*-2). Let w = z + -11. What are the prime factors of w?
2, 3
Let b(f) = -2*f + 4. Let p be b(0). Suppose -p*s + 231 = -5*s. What are the prime factors of (-11)/(s/70)*6*5?
2, 5
Let x(m) = 307*m - 614. What are the prime factors of x(14)?
2, 3, 307
Suppose 4*n = 4*p + 60, -3*n + 2*p - 3*p + 25 = 0. Suppose 0 = -n*t + 8*t + 4. List the prime factors of 1/(-2) + 81/t.
2, 5
Let p be (0 - -3)/(8 - 259/35). Suppose -2*a - 9 = -3*x, -3*a + 6*a + 4 = -p*x. Suppose -r - x + 158 = 0. What are the prime factors of r?
157
Let i(p) = -2*p**2 - 14*p + 18. Let w be i(-8). Suppose -2 = z, 2*z + 19 = w*d - 545. What are the prime factors of d?
2, 5, 7
Let l be (-88)/3 + -1 - (-13)/39. Let a be l/(-4) + 1 + (-6)/4. Let k(s) = s**2 + 10*s - 10. What are the prime factors of k(a)?
109
What are the prime factors of (((-24)/9)/4)/(3 + (-195338)/65112)?
2, 2713
Suppose 0 = m + 2*b - 6370, -4*b - 20226 = -4*m + 5218. What are the prime factors of m?
2, 37, 43
Let d = 447 + -447. Let z(f) = -32*f - 6. Let b be z(-7). Suppose d = -2*m - 18 + b. What are the prime factors of m?
2, 5
Suppose 10 = 2*w - 2*i + 2, -1 = 2*w + i. Let n(a) = 645*a. What are the prime factors of n(w)?
3, 5, 43
Let i = 20780 + -1591. List the prime factors of i.
31, 619
Suppose 10*f - 15680 = -18*f. Suppose -2*t = 2*t - 20. Suppose -t*a + 120 + f = 0. List the prime factors of a.
2, 17
Let v(f) = 3 - 1 + 52*f - 73*f - 4. Suppose 3 = -11*d + 10*d. List the prime factors of v(d).
61
Let d = 69 + -146. Let h be 25898/207 - ((-12)/(-3))/36. Let r = d + h. List the prime factors of r.
2, 3
Suppose -40*m = -39*m - 3*r - 9567, -m + 9573 = 3*r. What are the prime factors of m?
2, 3, 5, 11, 29
Let y(c) = 22*c**2 - 10*c - 30. Suppose 0 = -2*v - 2*i - 12, -5*v = -3*i + 4*i + 26. List the prime factors of y(v).
2, 3, 5, 19
Let q(v) = 10*v**3 - 86*v**2 + 34*v + 49. What are the prime factors of q(13)?
7927
Let n = 63 - 67. What are the prime factors of 410/n*(-1 - 3)?
2, 5, 41
Let m = -1972 + 3003. Let o = 468 + m. List the prime factors of o.
1499
Let i be ((-33)/(-18))/((-2)/(-12)). Suppose i*s - 1153 + 108 = 0. List the prime factors of s.
5, 19
Suppose -14*s - 212 = -1906. Suppose s*v = 106*v + 25005. List the prime factors of v.
1667
Let t(d) = -d - 4. Let b be t(-5). Let s = 2556 + -2370. List the prime factors of (1*(s - 5))/b.
181
Let m = -5 - -11. Let j(i) = 62*i + 3. Let t(x) = -1. Let n(w) = m*t(w) + j(w). List the prime factors of n(1).
59
Let q(b) = 2*b**3 - 6*b**2 - 7*b + 25. Let v be q(9). What are the prime factors of (-3)/(-2)*-2 + (v - 6)?
5, 37
Let z(r) = 4*r + 1739. List the prime factors of z(59).
5, 79
Suppose 5*f - 422 = 4*x, -x - f - 53 - 57 = 0. List the prime factors of 3 - x - -6 - 4.
113
Let r = -175 - -115. Let a = r + 19. What are the prime factors of (0 - 1 - a) + 1?
41
Let u be (54/(-24))/(2/8). Let m(b) = -3*b**3 - 11*b**2 - 4*b - 40. What are the prime factors of m(u)?
2, 17, 19
What are the prime factors of ((-1113)/42 + 20)/(2/(-2028))?
3, 13
Let v(t) = 58*t**3 + 6*t**2 - 24*t + 110. List the prime factors of v(5).
2, 5, 739
Let k(m) = -5572*m - 3122. List the prime factors of k(-5).
2, 3, 7, 19, 31
Let j = 35 + -30. Let o = 85 - j. Let i = -11 + o. List the prime factors of i.
3, 23
Let y(f) = -12*f - 4. Let h be y(-5). Suppose h*a - 1035 = 53*a. Suppose 2*w - 310 = 2*n, 0*w - a = -2*w - 5*n. List the prime factors of w.
2, 5
Suppose 3*b + 2*n - 88 = b, 190 = 4*b - 3*n. Let y = b + -19. List the prime factors of y.
3
Suppose l + 0 = -2*t + 4, -4*t - 3*l = -6. Let b(q) = 30*q**3 - 2*q**2 + 3*q + 4. List the prime factors of b(t).
5, 7, 23
Suppose -59166 = -72*r + 54*r. List the prime factors of r.
19, 173
Suppose 0 = -18*q + 23*q - 75. Let o be 81/15 - 6/q. Suppose o*c - h - 45 = 118, h = c - 35. List the prime factors of c.
2
Let f(z) = -26*z - 13. Suppose 45 = 3*h + 3*l, -5*h + 0*l + 30 = -4*l. Let i be (h/30)/(2/(-30)). List the prime factors of f(i).
3, 13
Suppose 78*x - 233470 = -24*x - 40792. List the prime factors of x.
1889
Let p = 887 + -502. Let g be p/(-10) + 9/(-6). Let l = g - -64. What are the prime factors of l?
2, 3
Let r be 2 + ((-15)/(-12))/(-5)*-4. Suppose 8 = -2*g, -6*g + r = 5*q - 3*g. Suppose q*v - 78 = 279. What are the prime factors of v?
7, 17
Let r(a) be the second derivative of 77*a**3/6 + 3*a**2/2 - 70*a. Let n be 6/(-9) - (-5)/3. What are the prime factors of r(n)?
2, 5
Let x be (24/9 + -6)*9/2. Let y = 19 + x. Suppose y*g + 2*p = 152, 172 = 5*g - 4*p - 44. What are the prime factors of g?
2, 5
Suppose 30*n - 1564129 = 26*n - 45*n. What are the prime factors of n?
137, 233
Let f(g) = 267*g - 3272. List the prime factors of f(55).
101, 113
List the prime factors of -4952*(-37)/(-444)*7*3/(-2).
7, 619
Suppose 2*t - 4476 = 662. Suppose -3*i = 3*v - 1536, -4*i = 4*v - 9*v + t. What are the prime factors of v?
3, 19
Let p be ((-6)/7)/((-78)/364). Suppose -5*z = -3*j - 1555, -4*z - p*j + 1251 = -5*j. List the prime factors of z.
2, 157
Suppose 0 = 3*p - 18, -3*l + 21357 = 15*p - 20*p. List the prime factors of l.
7129
Let d = 111672 + -73737. List the prime factors of d.
3, 5, 281
Suppose w = -7*w + 24. Suppose -k + w = 5. Let t(i) = 10*i**2 + 3*i + 1. List the prime factors of t(k).
5, 7
Let l = 1624 + -538. Suppose -3*c + 3*x - l = 0, 5*c + 977 = 4*x - 837. Let j = -255 - c. List the prime factors of j.
3, 37
Let n(f) = -f**2 + 7*f - 1. Let s be n(6). Suppose -4*p - 20 = 0, 0 = -2*r - 0*p - s*p + 857. List the prime factors of r.
3, 7
Let g(i) = -i**3 - 19*i**2 - 43*i + 178. What are the prime factors of g(-23)?
7, 67
Let y(a) = -a**2 - 28*a - 67. Let n(m) = -m**2 + 30*m + 68. Let i(k) = -3*n(k) - 4*